{"id":18,"date":"2012-10-13T19:38:17","date_gmt":"2012-10-13T19:38:17","guid":{"rendered":"http:\/\/neu.gabelbach.eu\/?page_id=18"},"modified":"2016-06-20T16:54:46","modified_gmt":"2016-06-20T16:54:46","slug":"impressum","status":"publish","type":"page","link":"http:\/\/neu.gabelbach.eu\/?page_id=18","title":{"rendered":"Impressum"},"content":{"rendered":"<p>Angaben gem. \u00a75 Telemediengesetz:<\/p>\n<p>Betreiber \/ Verantwortung f\u00fcr den Inhalt:<\/p>\n<p>Thomas Hillebrand, An der Breiten 13, 86441 Gabelbach, Telefon: 0151 52426809 mail: higab@t-online.de, web: <a href=\"http:\/\/www.thomas-hillebrand.de\">http:\/\/www.thomas-hillebrand.de<\/a><\/p>\n<p>Haftungsausschluss:<\/p>\n<p>Trotz sorgf\u00e4ltiger, inhaltlicher Kontrolle \u00fcbernehmen wir keine Haftung f\u00fcr die Inhalte externer Links. F\u00fcr den Inhalt der verlinkten Seiten sind ausschlie\u00dflich deren Betreiber verantwortlich.<\/p>\n<p>Bildnachweis:<\/p>\n<p>Bilder: fotolia.de<br \/>\nDatenschutz:<\/p>\n<p>Sofern innerhalb dieses Internetangebotes die M\u00f6glichkeit der Eingabe pers\u00f6nlicher oder gesch\u00e4ftlicher Daten (Emailadressen, Namen und Anschriften) besteht, so erfolgt die Preisgabe dieser Daten seitens des Nutzers auf ausdr\u00fccklich freiwilliger Basis. Die IP des Users wird tageweise in Logfiles gespeichert. Au\u00dferdem speichern wir die Gesamtzahl der Zugriffe und Abfragen f\u00fcr statistische Auswertungen. Wir hinterlegen keine Cookies auf den Computern der Nutzer. Die erhobenen Daten werden von dem Betreiber streng vertraulich behandelt und nicht an Dritte weitergegeben.<\/p>\n<p>Es besteht keinerlei Gew\u00e4hr f\u00fcr die Richtigkeit, Vollst\u00e4ndigkeit und Aktualit\u00e4t. Jegliche Haftung wird ausgeschlossen.<\/p>\n","protected":false},"excerpt":{"rendered":"<p>Angaben gem. \u00a75 Telemediengesetz: Betreiber \/ Verantwortung f\u00fcr den Inhalt: Thomas Hillebrand, An der Breiten 13, 86441 Gabelbach, Telefon: 0151 52426809 mail: higab@t-online.de, web: http:\/\/www.thomas-hillebrand.de Haftungsausschluss: Trotz sorgf\u00e4ltiger, inhaltlicher Kontrolle \u00fcbernehmen wir keine Haftung f\u00fcr die Inhalte externer Links. F\u00fcr den Inhalt der verlinkten Seiten sind ausschlie\u00dflich deren Betreiber verantwortlich. Bildnachweis: Bilder: fotolia.de Datenschutz: Sofern&#8230; <\/p>\n<div class=\"link-more\"><a href=\"http:\/\/neu.gabelbach.eu\/?page_id=18\">Weiterlesen<\/a><\/div>\n","protected":false},"author":1,"featured_media":0,"parent":0,"menu_order":6,"comment_status":"open","ping_status":"open","template":"","meta":{"ngg_post_thumbnail":0},"_links":{"self":[{"href":"http:\/\/neu.gabelbach.eu\/index.php?rest_route=\/wp\/v2\/pages\/18"}],"collection":[{"href":"http:\/\/neu.gabelbach.eu\/index.php?rest_route=\/wp\/v2\/pages"}],"about":[{"href":"http:\/\/neu.gabelbach.eu\/index.php?rest_route=\/wp\/v2\/types\/page"}],"author":[{"embeddable":true,"href":"http:\/\/neu.gabelbach.eu\/index.php?rest_route=\/wp\/v2\/users\/1"}],"replies":[{"embeddable":true,"href":"http:\/\/neu.gabelbach.eu\/index.php?rest_route=%2Fwp%2Fv2%2Fcomments&post=18"}],"version-history":[{"count":11,"href":"http:\/\/neu.gabelbach.eu\/index.php?rest_route=\/wp\/v2\/pages\/18\/revisions"}],"predecessor-version":[{"id":236,"href":"http:\/\/neu.gabelbach.eu\/index.php?rest_route=\/wp\/v2\/pages\/18\/revisions\/236"}],"wp:attachment":[{"href":"http:\/\/neu.gabelbach.eu\/index.php?rest_route=%2Fwp%2Fv2%2Fmedia&parent=18"}],"curies":[{"name":"wp","href":"https:\/\/api.w.org\/{rel}","templated":true}]}}